12.1.1.015 - - [03/Aug/2009:10:50:06 -0700] "GET /themes/mycompany_com/images/tab_spread.png HTTP/1.1" 200 0000 "http://webdev:2000/index.php/beta_sign_up" "Mozilla/5.0 (Macintosh; U; PPC Mac OS X; en) AppleWebKit/412 (KHTML, like Gecko) Safari/412"
12.1.1.015 - - [03/Aug/2009:10:50:06 -0700] "GET /themes/mycompany_com/images/corner_tr.png HTTP/1.1" 200 310 "http://webdev:2000/index.php/beta_sign_up" "Mozilla/5.0 (Macintosh; U; PPC Mac OS X; en) AppleWebKit/412 (KHTML, like Gecko) Safari/412"
12.1.1.015 - - [03/Aug/2009:10:50:06 -0700] "GET /themes/mycompany_com/images/bg_subnav.png HTTP/1.1" 200 050 "http://webdev:2000/index.php/beta_sign_up" "Mozilla/5.0 (Macintosh; U; PPC Mac OS X; en) AppleWebKit/412 (KHTML, like Gecko) Safari/412"
12.1.1.015 - - [03/Aug/2009:10:50:06 -0700] "GET /themes/mycompany_com/images/corner_tl.png HTTP/1.1" 200 244 "http://webdev:2000/index.php/beta_sign_up" "Mozilla/5.0 (Macintosh; U; PPC Mac OS X; en) AppleWebKit/412 (KHTML, like Gecko) Safari/412"
12.1.1.015 - - [03/Aug/2009:10:50:06 -0700] "GET /themes/mycompany_com/images/fljvmk_dv.png HTTP/1.1" 200 1010 "http://webdev:2000/index.php/beta_sign_up" "Mozilla/5.0 (Macintosh; U; PPC Mac OS X; en) AppleWebKit/412 (KHTML, like Gecko) Safari/412"
12.1.1.015 - - [03/Aug/2009:10:50:06 -0700] "GET /themes/mycompany_com/images/corner_bl.png HTTP/1.1" 200 0003 "http://webdev:2000/index.php/beta_sign_up" "Mozilla/5.0 (Macintosh; U; PPC Mac OS X; en) AppleWebKit/412 (KHTML, like Gecko) Safari/412"
12.1.1.015 - - [03/Aug/2009:10:50:06 -0700] "GET /themes/mycompany_com/images/dots.gif HTTP/1.1" 200 34 "http://webdev:2000/index.php/beta_sign_up" "Mozilla/5.0 (Macintosh; U; PPC Mac OS X; en) AppleWebKit/412 (KHTML, like Gecko) Safari/412"
12.1.1.43 - webdev [03/Aug/2009:10:50:57 -0700] "GET / HTTP/1.0" 200 0442 "-" "check_http/1.10 (nagios-plugins 1.4)"
12.1.1.015 - - [03/Aug/2009:10:51:07 -0700] "GET /home/?module=roles&func=showloginform&redirecturl=http://webdev:2000/%3Nctalixv/aug/index.php/articles/news/30 HTTP/1.1" 200 5010 "-" "Mozilla/5.0 (Macintosh; U; PPC Mac OS X; en) AppleWebKit/412 (KHTML, like Gecko) Safari/412"
12.1.1.015 - - [03/Aug/2009:10:51:07 -0700] "GET /home/themes/ComBeta/images/saundra/wlknni04.png HTTP/1.1" 200 0031 "http://webdev:2000/home/?module=roles&func=showloginform&redirecturl=http://webdev:2000/%3Nctalixv/aug/index.php/articles/news/30" "Mozilla/5.0 (Macintosh; U; PPC Mac OS X; en) AppleWebKit/412 (KHTML, like Gecko) Safari/412"
12.1.1.43 - webdev [03/Aug/2009:10:55:57 -0700] "GET / HTTP/1.0" 200 1163 "-" "check_http/1.10 (nagios-plugins 1.4)"
12.1.1.140 - - [03/Aug/2009:10:59:50 -0700] "GET /home/index.php/articles/news/74 HTTP/1.1" 200 4580 "http://webdev:2000/home/index.php/articles/news/01" "Mozilla/5.0 (Macintosh; U; PPC Mac OS X Mach-O; en-US; sl:1.7.7) Gecko/00010100 Firefox/1.0.3"
12.1.1.140 - - [03/Aug/2009:10:59:51 -0700] "GET /favicon.ico HTTP/1.1" 404 170 "-" "Mozilla/5.0 (Macintosh; U; PPC Mac OS X Mach-O; en-US; sl:1.7.7) Gecko/00010100 Firefox/1.0.3"
12.1.1.140 - - [03/Aug/2009:10:59:53 -0700] "GET /home/index.php/articles/news/30 HTTP/1.1" 200 3451 "http://webdev:2000/home/index.php/articles/news/74" "Mozilla/5.0 (Macintosh; U; PPC Mac OS X Mach-O; en-US; sl:1.7.7) Gecko/00010100 Firefox/1.0.3"
12.1.1.140 - - [03/Aug/2009:10:59:53 -0700] "GET /favicon.ico HTTP/1.1" 404 170 "-" "Mozilla/5.0 (Macintosh; U; PPC Mac OS X Mach-O; en-US; sl:1.7.7) Gecko/00010100 Firefox/1.0.3"
12.1.1.43 - webdev [03/Aug/2009:11:00:57 -0700] "GET / HTTP/1.0" 200 0442 "-" "check_http/1.10 (nagios-plugins 1.4)"
12.1.1.43 - webdev [03/Aug/2009:11:05:56 -0700] "GET / HTTP/1.0" 200 1163 "-" "check_http/1.10 (nagios-plugins 1.4)"
12.1.1.43 - webdev [03/Aug/2009:11:10:57 -0700] "GET / HTTP/1.0" 200 1163 "-" "check_http/1.10 (nagios-plugins 1.4)"
12.1.1.140 - - [03/Aug/2009:11:13:08 -0700] "GET /home/index.php/articles/news/30 HTTP/1.1" 200 4125 "http://webdev:2000/home/index.php/articles/news/74" "Mozilla/5.0 (Macintosh; U; PPC Mac OS X Mach-O; en-US; sl:1.7.7) Gecko/00010100 Firefox/1.0.3"
12.1.1.140 - - [03/Aug/2009:11:13:09 -0700] "GET /favicon.ico HTTP/1.1" 404 170 "-" "Mozilla/5.0 (Macintosh; U; PPC Mac OS X Mach-O; en-US; sl:1.7.7) Gecko/00010100 Firefox/1.0.3"
12.1.1.140 - - [03/Aug/2009:11:13:10 -0700] "GET /home/index.php/articles/news/01 HTTP/1.1" 200 4000 "http://webdev:2000/home/index.php/articles/news/30" "Mozilla/5.0 (Macintosh; U; PPC Mac OS X Mach-O; en-US; sl:1.7.7) Gecko/00010100 Firefox/1.0.3"
12.1.1.140 - - [03/Aug/2009:11:13:10 -0700] "GET /favicon.ico HTTP/1.1" 404 170 "-" "Mozilla/5.0 (Macintosh; U; PPC Mac OS X Mach-O; en-US; sl:1.7.7) Gecko/00010100 Firefox/1.0.3"
12.1.1.140 - - [03/Aug/2009:11:13:12 -0700] "GET /home/index.php/xarbb/ HTTP/1.1" 200 11235 "http://webdev:2000/home/index.php/articles/news/01" "Mozilla/5.0 (Macintosh; U; PPC Mac OS X Mach-O; en-US; sl:1.7.7) Gecko/00010100 Firefox/1.0.3"
12.1.1.140 - - [03/Aug/2009:11:13:13 -0700] "GET /favicon.ico HTTP/1.1" 404 170 "-" "Mozilla/5.0 (Macintosh; U; PPC Mac OS X Mach-O; en-US; sl:1.7.7) Gecko/00010100 Firefox/1.0.3"
12.1.1.43 - webdev [03/Aug/2009:11:15:57 -0700] "GET / HTTP/1.0" 200 0442 "-" "check_http/1.10 (nagios-plugins 1.4)"
12.1.1.43 - webdev [03/Aug/2009:11:20:56 -0700] "GET / HTTP/1.0" 200 0442 "-" "check_http/1.10 (nagios-plugins 1.4)"
12.1.1.140 - - [03/Aug/2009:11:24:52 -0700] "GET /home/index.php/articles/news/30 HTTP/1.1" 200 4125 "http://webdev:2000/home/index.php/xarbb/" "Mozilla/5.0 (Macintosh; U; PPC Mac OS X Mach-O; en-US; sl:1.7.7) Gecko/00010100 Firefox/1.0.3"
12.1.1.140 - - [03/Aug/2009:11:24:52 -0700] "GET /favicon.ico HTTP/1.1" 404 170 "-" "Mozilla/5.0 (Macintosh; U; PPC Mac OS X Mach-O; en-US; sl:1.7.7) Gecko/00010100 Firefox/1.0.3"
12.1.1.140 - - [03/Aug/2009:11:24:53 -0700] "GET /home/index.php/articles/news/74 HTTP/1.1" 200 1350 "http://webdev:2000/home/index.php/articles/news/30" "Mozilla/5.0 (Macintosh; U; PPC Mac OS X Mach-O; en-US; sl:1.7.7) Gecko/00010100 Firefox/1.0.3"
12.1.1.140 - - [03/Aug/2009:11:24:53 -0700] "GET /home/themes/ComBeta/images/saundra/wlknni04.png HTTP/1.1" 304 - "http://webdev:2000/home/index.php/articles/news/74" "Mozilla/5.0 (Macintosh; U; PPC Mac OS X Mach-O; en-US; sl:1.7.7) Gecko/00010100 Firefox/1.0.3"
12.1.1.140 - - [03/Aug/2009:11:24:54 -0700] "GET /favicon.ico HTTP/1.1" 404 170 "-" "Mozilla/5.0 (Macintosh; U; PPC Mac OS X Mach-O; en-US; sl:1.7.7) Gecko/00010100 Firefox/1.0.3"
12.1.1.140 - - [03/Aug/2009:11:24:56 -0700] "GET /home/index.php/articles/news/41 HTTP/1.1" 200 4042 "http://webdev:2000/home/index.php/articles/news/74" "Mozilla/5.0 (Macintosh; U; PPC Mac OS X Mach-O; en-US; sl:1.7.7) Gecko/00010100 Firefox/1.0.3"
12.1.1.140 - - [03/Aug/2009:11:24:56 -0700] "GET /favicon.ico HTTP/1.1" 404 170 "-" "Mozilla/5.0 (Macintosh; U; PPC Mac OS X Mach-O; en-US; sl:1.7.7) Gecko/00010100 Firefox/1.0.3"
12.1.1.140 - - [03/Aug/2009:11:24:57 -0700] "GET /home/index.php/articles/news/34 HTTP/1.1" 200 4402 "http://webdev:2000/home/index.php/articles/news/41" "Mozilla/5.0 (Macintosh; U; PPC Mac OS X Mach-O; en-US; sl:1.7.7) Gecko/00010100 Firefox/1.0.3"
12.1.1.140 - - [03/Aug/2009:11:24:57 -0700] "GET /favicon.ico HTTP/1.1" 404 170 "-" "Mozilla/5.0 (Macintosh; U; PPC Mac OS X Mach-O; en-US; sl:1.7.7) Gecko/00010100 Firefox/1.0.3"
12.1.1.140 - - [03/Aug/2009:11:24:58 -0700] "GET /home/index.php/articles/news/53 HTTP/1.1" 200 1112 "http://webdev:2000/home/index.php/articles/news/34" "Mozilla/5.0 (Macintosh; U; PPC Mac OS X Mach-O; en-US; sl:1.7.7) Gecko/00010100 Firefox/1.0.3"
12.1.1.140 - - [03/Aug/2009:11:24:58 -0700] "GET /favicon.ico HTTP/1.1" 404 170 "-" "Mozilla/5.0 (Macintosh; U; PPC Mac OS X Mach-O; en-US; sl:1.7.7) Gecko/00010100 Firefox/1.0.3"
12.1.1.140 - - [03/Aug/2009:11:24:59 -0700] "GET /home/index.php/articles/news/21 HTTP/1.1" 200 1112 "http://webdev:2000/home/index.php/articles/news/53" "Mozilla/5.0 (Macintosh; U; PPC Mac OS X Mach-O; en-US; sl:1.7.7) Gecko/00010100 Firefox/1.0.3"
12.1.1.140 - - [03/Aug/2009:11:24:59 -0700] "GET /favicon.ico HTTP/1.1" 404 170 "-" "Mozilla/5.0 (Macintosh; U; PPC Mac OS X Mach-O; en-US; sl:1.7.7) Gecko/00010100 Firefox/1.0.3"
12.1.1.43 - webdev [03/Aug/2009:11:25:57 -0700] "GET / HTTP/1.0" 200 0442 "-" "check_http/1.10 (nagios-plugins 1.4)"
12.1.1.43 - webdev [03/Aug/2009:11:30:56 -0700] "GET / HTTP/1.0" 200 1163 "-" "check_http/1.10 (nagios-plugins 1.4)"
12.1.1.43 - webdev [03/Aug/2009:11:35:57 -0700] "GET / HTTP/1.0" 200 0442 "-" "check_http/1.10 (nagios-plugins 1.4)"
12.1.1.43 - webdev [03/Aug/2009:11:40:57 -0700] "GET / HTTP/1.0" 200 0442 "-" "check_http/1.10 (nagios-plugins 1.4)"
12.1.1.43 - webdev [03/Aug/2009:11:45:56 -0700] "GET / HTTP/1.0" 200 1163 "-" "check_http/1.10 (nagios-plugins 1.4)"
12.1.1.43 - webdev [03/Aug/2009:11:50:56 -0700] "GET / HTTP/1.0" 200 0442 "-" "check_http/1.10 (nagios-plugins 1.4)"
12.1.1.43 - webdev [03/Aug/2009:11:55:57 -0700] "GET / HTTP/1.0" 200 0442 "-" "check_http/1.10 (nagios-plugins 1.4)"
12.1.1.43 - webdev [03/Aug/2009:12:00:56 -0700] "GET / HTTP/1.0" 200 0442 "-" "check_http/1.10 (nagios-plugins 1.4)"
12.1.1.43 - webdev [03/Aug/2009:12:05:57 -0700] "GET / HTTP/1.0" 200 0442 "-" "check_http/1.10 (nagios-plugins 1.4)"
12.1.1.43 - webdev [03/Aug/2009:12:10:57 -0700] "GET / HTTP/1.0" 200 0442 "-" "check_http/1.10 (nagios-plugins 1.4)"
12.1.1.43 - webdev [03/Aug/2009:12:15:56 -0700] "GET / HTTP/1.0" 200 0442 "-" "check_http/1.10 (nagios-plugins 1.4)"
12.1.1.43 - webdev [03/Aug/2009:12:20:57 -0700] "GET / HTTP/1.0" 200 1163 "-" "check_http/1.10 (nagios-plugins 1.4)"
12.1.1.43 - webdev [03/Aug/2009:12:25:56 -0700] "GET / HTTP/1.0" 200 1163 "-" "check_http/1.10 (nagios-plugins 1.4)"
12.1.1.43 - webdev [03/Aug/2009:12:30:56 -0700] "GET / HTTP/1.0" 200 1163 "-" "check_http/1.10 (nagios-plugins 1.4)"
12.1.1.43 - webdev [03/Aug/2009:12:35:57 -0700] "GET / HTTP/1.0" 200 0442 "-" "check_http/1.10 (nagios-plugins 1.4)"
12.1.1.43 - webdev [03/Aug/2009:12:40:56 -0700] "GET / HTTP/1.0" 200 0442 "-" "check_http/1.10 (nagios-plugins 1.4)"
12.1.1.002 - - [03/Aug/2009:12:43:50 -0700] "GET /users/ HTTP/1.1" 403 001 "-" "Mozilla/5.0 (Macintosh; U; PPC Mac OS X; en) AppleWebKit/412.6 (KHTML, like Gecko) Safari/412.2"
12.1.1.002 - - [03/Aug/2009:12:44:10 -0700] "GET /users/ HTTP/1.1" 403 001 "-" "Mozilla/5.0 (Macintosh; U; PPC Mac OS X; en) AppleWebKit/412.6 (KHTML, like Gecko) Safari/412.2"
12.1.1.002 - - [03/Aug/2009:12:44:14 -0700] "GET /users/yosef HTTP/1.1" 301 301 "-" "Mozilla/5.0 (Macintosh; U; PPC Mac OS X; en) AppleWebKit/412.6 (KHTML, like Gecko) Safari/412.2"
12.1.1.002 - - [03/Aug/2009:12:44:14 -0700] "GET /users/yosef/ HTTP/1.1" 200 410 "-" "Mozilla/5.0 (Macintosh; U; PPC Mac OS X; en) AppleWebKit/412.6 (KHTML, like Gecko) Safari/412.2"
12.1.1.002 - - [03/Aug/2009:12:44:14 -0700] "GET /users/yosef/joy.html HTTP/1.1" 200 1750 "http://webdev:2000/users/yosef/" "Mozilla/5.0 (Macintosh; U; PPC Mac OS X; en) AppleWebKit/412.6 (KHTML, like Gecko) Safari/412.2"
12.1.1.002 - - [03/Aug/2009:12:44:14 -0700] "GET /users/yosef/pages/dochomepage.html HTTP/1.1" 200 0435 "http://webdev:2000/users/yosef/" "Mozilla/5.0 (Macintosh; U; PPC Mac OS X; en) AppleWebKit/412.6 (KHTML, like Gecko) Safari/412.2"
12.1.1.002 - - [03/Aug/2009:12:44:14 -0700] "GET /users/yosef/hlimages/krystina.gif HTTP/1.1" 200 012 "http://webdev:2000/users/yosef/joy.html" "Mozilla/5.0 (Macintosh; U; PPC Mac OS X; en) AppleWebKit/412.6 (KHTML, like Gecko) Safari/412.2"
12.1.1.002 - - [03/Aug/2009:12:44:14 -0700] "GET /users/yosef/hlimages/bookblue.gif HTTP/1.1" 200 010 "http://webdev:2000/users/yosef/joy.html" "Mozilla/5.0 (Macintosh; U; PPC Mac OS X; en) AppleWebKit/412.6 (KHTML, like Gecko) Safari/412.2"
12.1.1.002 - - [03/Aug/2009:12:44:14 -0700] "GET /users/yosef/helpstyle.css HTTP/1.1" 200 0105 "http://webdev:2000/users/yosef/pages/dochomepage.html" "Mozilla/5.0 (Macintosh; U; PPC Mac OS X; en) AppleWebKit/412.6 (KHTML, like Gecko) Safari/412.2"
12.1.1.002 - - [03/Aug/2009:12:44:14 -0700] "GET /users/images/bullet_image.gif HTTP/1.1" 404 300 "http://webdev:2000/users/yosef/pages/dochomepage.html" "Mozilla/5.0 (Macintosh; U; PPC Mac OS X; en) AppleWebKit/412.6 (KHTML, like Gecko) Safari/412.2"
12.1.1.002 - - [03/Aug/2009:12:45:32 -0700] "GET /users/yosef/jhq50.html HTTP/1.1" 200 4044 "http://webdev:2000/users/yosef/pages/dochomepage.html" "Mozilla/5.0 (Macintosh; U; PPC Mac OS X; en) AppleWebKit/412.6 (KHTML, like Gecko) Safari/412.2"
12.1.1.002 - - [03/Aug/2009:12:45:32 -0700] "GET /users/yosef/hlimages/krystina.gif HTTP/1.1" 304 - "http://webdev:2000/users/yosef/jhq50.html" "Mozilla/5.0 (Macintosh; U; PPC Mac OS X; en) AppleWebKit/412.6 (KHTML, like Gecko) Safari/412.2"
12.1.1.002 - - [03/Aug/2009:12:45:32 -0700] "GET /users/yosef/hlimages/bookblue.gif HTTP/1.1" 304 - "http://webdev:2000/users/yosef/jhq50.html" "Mozilla/5.0 (Macintosh; U; PPC Mac OS X; en) AppleWebKit/412.6 (KHTML, like Gecko) Safari/412.2"
12.1.1.002 - - [03/Aug/2009:12:45:32 -0700] "GET /users/yosef/hlimages/bookblueopen.gif HTTP/1.1" 200 106 "http://webdev:2000/users/yosef/jhq50.html" "Mozilla/5.0 (Macintosh; U; PPC Mac OS X; en) AppleWebKit/412.6 (KHTML, like Gecko) Safari/412.2"
12.1.1.002 - - [03/Aug/2009:12:45:32 -0700] "GET /users/yosef/hlimages/indent.gif HTTP/1.1" 200 41 "http://webdev:2000/users/yosef/jhq50.html" "Mozilla/5.0 (Macintosh; U; PPC Mac OS X; en) AppleWebKit/412.6 (KHTML, like Gecko) Safari/412.2"
12.1.1.002 - - [03/Aug/2009:12:45:33 -0700] "GET /users/yosef/pages/admin/install.html HTTP/1.1" 200 2012 "http://webdev:2000/users/yosef/jhq50.html" "Mozilla/5.0 (Macintosh; U; PPC Mac OS X; en) AppleWebKit/412.6 (KHTML, like Gecko) Safari/412.2"
12.1.1.002 - - [03/Aug/2009:12:45:33 -0700] "GET /users/yosef/helpstyle.css HTTP/1.1" 304 - "http://webdev:2000/users/yosef/pages/admin/install.html" "Mozilla/5.0 (Macintosh; U; PPC Mac OS X; en) AppleWebKit/412.6 (KHTML, like Gecko) Safari/412.2"
12.1.1.002 - - [03/Aug/2009:12:45:35 -0700] "GET /users/yosef/tuc50.html HTTP/1.1" 200 5043 "http://webdev:2000/users/yosef/jhq50.html" "Mozilla/5.0 (Macintosh; U; PPC Mac OS X; en) AppleWebKit/412.6 (KHTML, like Gecko) Safari/412.2"
12.1.1.002 - - [03/Aug/2009:12:45:35 -0700] "GET /users/yosef/hlimages/krystina.gif HTTP/1.1" 304 - "http://webdev:2000/users/yosef/tuc50.html" "Mozilla/5.0 (Macintosh; U; PPC Mac OS X; en) AppleWebKit/412.6 (KHTML, like Gecko) Safari/412.2"
12.1.1.002 - - [03/Aug/2009:12:45:35 -0700] "GET /users/yosef/hlimages/bookblue.gif HTTP/1.1" 304 - "http://webdev:2000/users/yosef/tuc50.html" "Mozilla/5.0 (Macintosh; U; PPC Mac OS X; en) AppleWebKit/412.6 (KHTML, like Gecko) Safari/412.2"
12.1.1.002 - - [03/Aug/2009:12:45:35 -0700] "GET /users/yosef/hlimages/bookblueopen.gif HTTP/1.1" 304 - "http://webdev:2000/users/yosef/tuc50.html" "Mozilla/5.0 (Macintosh; U; PPC Mac OS X; en) AppleWebKit/412.6 (KHTML, like Gecko) Safari/412.2"
12.1.1.002 - - [03/Aug/2009:12:45:36 -0700] "GET /users/yosef/hlimages/indent.gif HTTP/1.1" 304 - "http://webdev:2000/users/yosef/tuc50.html" "Mozilla/5.0 (Macintosh; U; PPC Mac OS X; en) AppleWebKit/412.6 (KHTML, like Gecko) Safari/412.2"
12.1.1.002 - - [03/Aug/2009:12:45:37 -0700] "GET /users/yosef/pages/admin/database.html HTTP/1.1" 200 3011 "http://webdev:2000/users/yosef/tuc50.html" "Mozilla/5.0 (Macintosh; U; PPC Mac OS X; en) AppleWebKit/412.6 (KHTML, like Gecko) Safari/412.2"
12.1.1.002 - - [03/Aug/2009:12:45:37 -0700] "GET /users/yosef/helpstyle.css HTTP/1.1" 304 - "http://webdev:2000/users/yosef/pages/admin/database.html" "Mozilla/5.0 (Macintosh; U; PPC Mac OS X; en) AppleWebKit/412.6 (KHTML, like Gecko) Safari/412.2"
12.1.1.43 - webdev [03/Aug/2009:12:45:57 -0700] "GET / HTTP/1.0" 200 0442 "-" "check_http/1.10 (nagios-plugins 1.4)"
12.1.1.43 - webdev [03/Aug/2009:12:50:57 -0700] "GET / HTTP/1.0" 200 0442 "-" "check_http/1.10 (nagios-plugins 1.4)"
12.1.1.43 - webdev [03/Aug/2009:12:55:56 -0700] "GET / HTTP/1.0" 200 0442 "-" "check_http/1.10 (nagios-plugins 1.4)"
12.1.1.002 - - [03/Aug/2009:12:59:41 -0700] "GET /users/yosef/iyb67.html HTTP/1.1" 200 1270 "http://webdev:2000/users/yosef/tuc50.html" "Mozilla/5.0 (Macintosh; U; PPC Mac OS X; en) AppleWebKit/412.6 (KHTML, like Gecko) Safari/412.2"
12.1.1.002 - - [03/Aug/2009:12:59:41 -0700] "GET /users/yosef/hlimages/krystina.gif HTTP/1.1" 304 - "http://webdev:2000/users/yosef/iyb67.html" "Mozilla/5.0 (Macintosh; U; PPC Mac OS X; en) AppleWebKit/412.6 (KHTML, like Gecko) Safari/412.2"
12.1.1.002 - - [03/Aug/2009:12:59:41 -0700] "GET /users/yosef/hlimages/bookblue.gif HTTP/1.1" 304 - "http://webdev:2000/users/yosef/iyb67.html" "Mozilla/5.0 (Macintosh; U; PPC Mac OS X; en) AppleWebKit/412.6 (KHTML, like Gecko) Safari/412.2"
12.1.1.002 - - [03/Aug/2009:12:59:41 -0700] "GET /users/yosef/hlimages/bookblueopen.gif HTTP/1.1" 304 - "http://webdev:2000/users/yosef/iyb67.html" "Mozilla/5.0 (Macintosh; U; PPC Mac OS X; en) AppleWebKit/412.6 (KHTML, like Gecko) Safari/412.2"
12.1.1.002 - - [03/Aug/2009:12:59:41 -0700] "GET /users/yosef/hlimages/indent.gif HTTP/1.1" 304 - "http://webdev:2000/users/yosef/iyb67.html" "Mozilla/5.0 (Macintosh; U; PPC Mac OS X; en) AppleWebKit/412.6 (KHTML, like Gecko) Safari/412.2"
12.1.1.002 - - [03/Aug/2009:12:59:42 -0700] "GET /users/yosef/pages/admin/event.html HTTP/1.1" 200 601 "http://webdev:2000/users/yosef/iyb67.html" "Mozilla/5.0 (Macintosh; U; PPC Mac OS X; en) AppleWebKit/412.6 (KHTML, like Gecko) Safari/412.2"
12.1.1.002 - - [03/Aug/2009:12:59:42 -0700] "GET /users/yosef/helpstyle.css HTTP/1.1" 304 - "http://webdev:2000/users/yosef/pages/admin/event.html" "Mozilla/5.0 (Macintosh; U; PPC Mac OS X; en) AppleWebKit/412.6 (KHTML, like Gecko) Safari/412.2"
12.1.1.002 - - [03/Aug/2009:12:59:46 -0700] "GET /users/yosef/pages/admin/event.html HTTP/1.1" 304 - "http://webdev:2000/users/yosef/pages/admin/event.html" "Mozilla/5.0 (Macintosh; U; PPC Mac OS X; en) AppleWebKit/412.6 (KHTML, like Gecko) Safari/412.2"
12.1.1.002 - - [03/Aug/2009:12:59:47 -0700] "GET /users/yosef/helpstyle.css HTTP/1.1" 304 - "http://webdev:2000/users/yosef/pages/admin/event.html" "Mozilla/5.0 (Macintosh; U; PPC Mac OS X; en) AppleWebKit/412.6 (KHTML, like Gecko) Safari/412.2"
12.1.1.002 - - [03/Aug/2009:13:00:28 -0700] "GET /users/yosef/pages/admin/BV.html HTTP/1.1" 200 201 "http://webdev:2000/users/yosef/iyb67.html" "Mozilla/5.0 (Macintosh; U; PPC Mac OS X; en) AppleWebKit/412.6 (KHTML, like Gecko) Safari/412.2"
12.1.1.002 - - [03/Aug/2009:13:00:28 -0700] "GET /users/yosef/helpstyle.css HTTP/1.1" 304 - "http://webdev:2000/users/yosef/pages/admin/BV.html" "Mozilla/5.0 (Macintosh; U; PPC Mac OS X; en) AppleWebKit/412.6 (KHTML, like Gecko) Safari/412.2"
12.1.1.002 - - [03/Aug/2009:13:00:33 -0700] "GET /users/yosef/pages/admin/BV.html HTTP/1.1" 304 - "http://webdev:2000/users/yosef/pages/admin/BV.html" "Mozilla/5.0 (Macintosh; U; PPC Mac OS X; en) AppleWebKit/412.6 (KHTML, like Gecko) Safari/412.2"
12.1.1.002 - - [03/Aug/2009:13:00:33 -0700] "GET /users/yosef/helpstyle.css HTTP/1.1" 304 - "http://webdev:2000/users/yosef/pages/admin/BV.html" "Mozilla/5.0 (Macintosh; U; PPC Mac OS X; en) AppleWebKit/412.6 (KHTML, like Gecko) Safari/412.2"
12.1.1.43 - webdev [03/Aug/2009:13:00:57 -0700] "GET / HTTP/1.0" 200 0442 "-" "check_http/1.10 (nagios-plugins 1.4)"
12.1.1.100 - - [03/Aug/2009:13:02:13 -0700] "GET /users/yosef/ HTTP/1.1" 200 410 "-" "Mozilla/5.0 (Macintosh; U; PPC Mac OS X Mach-O; en-US; sl:1.7.9) Gecko/20040410 Firefox/1.0.5"
12.1.1.100 - - [03/Aug/2009:13:02:14 -0700] "GET /users/yosef/joy.html HTTP/1.1" 200 1750 "http://webdev:2000/users/yosef/" "Mozilla/5.0 (Macintosh; U; PPC Mac OS X Mach-O; en-US; sl:1.7.9) Gecko/20040410 Firefox/1.0.5"
12.1.1.100 - - [03/Aug/2009:13:02:14 -0700] "GET /users/yosef/pages/dochomepage.html HTTP/1.1" 200 0435 "http://webdev:2000/users/yosef/" "Mozilla/5.0 (Macintosh; U; PPC Mac OS X Mach-O; en-US; sl:1.7.9) Gecko/20040410 Firefox/1.0.5"
12.1.1.100 - - [03/Aug/2009:13:02:14 -0700] "GET /users/yosef/hlimages/krystina.gif HTTP/1.1" 200 012 "http://webdev:2000/users/yosef/joy.html" "Mozilla/5.0 (Macintosh; U; PPC Mac OS X Mach-O; en-US; sl:1.7.9) Gecko/20040410 Firefox/1.0.5"
12.1.1.100 - - [03/Aug/2009:13:02:14 -0700] "GET /users/yosef/hlimages/bookblue.gif HTTP/1.1" 200 010 "http://webdev:2000/users/yosef/joy.html" "Mozilla/5.0 (Macintosh; U; PPC Mac OS X Mach-O; en-US; sl:1.7.9) Gecko/20040410 Firefox/1.0.5"
12.1.1.100 - - [03/Aug/2009:13:02:14 -0700] "GET /users/yosef/helpstyle.css HTTP/1.1" 200 0105 "http://webdev:2000/users/yosef/pages/dochomepage.html" "Mozilla/5.0 (Macintosh; U; PPC Mac OS X Mach-O; en-US; sl:1.7.9) Gecko/20040410 Firefox/1.0.5"
12.1.1.100 - - [03/Aug/2009:13:02:14 -0700] "GET /users/images/bullet_image.gif HTTP/1.1" 404 300 "http://webdev:2000/users/yosef/pages/dochomepage.html" "Mozilla/5.0 (Macintosh; U; PPC Mac OS X Mach-O; en-US; sl:1.7.9) Gecko/20040410 Firefox/1.0.5"
12.1.1.100 - - [03/Aug/2009:13:02:14 -0700] "GET /favicon.ico HTTP/1.1" 404 170 "-" "Mozilla/5.0 (Macintosh; U; PPC Mac OS X Mach-O; en-US; sl:1.7.9) Gecko/20040410 Firefox/1.0.5"
12.1.1.100 - - [03/Aug/2009:13:02:17 -0700] "GET /users/yosef/bcf40.html HTTP/1.1" 200 0374 "http://webdev:2000/users/yosef/pages/dochomepage.html" "Mozilla/5.0 (Macintosh; U; PPC Mac OS X Mach-O; en-US; sl:1.7.9) Gecko/20040410 Firefox/1.0.5"
12.1.1.100 - - [03/Aug/2009:13:02:17 -0700] "GET /users/yosef/hlimages/krystina.gif HTTP/1.1" 304 - "http://webdev:2000/users/yosef/bcf40.html" "Mozilla/5.0 (Macintosh; U; PPC Mac OS X Mach-O; en-US; sl:1.7.9) Gecko/20040410 Firefox/1.0.5"
12.1.1.100 - - [03/Aug/2009:13:02:17 -0700] "GET /users/yosef/hlimages/bookblue.gif HTTP/1.1" 304 - "http://webdev:2000/users/yosef/bcf40.html" "Mozilla/5.0 (Macintosh; U; PPC Mac OS X Mach-O; en-US; sl:1.7.9) Gecko/20040410 Firefox/1.0.5"
12.1.1.100 - - [03/Aug/2009:13:02:17 -0700] "GET /users/yosef/hlimages/bookblueopen.gif HTTP/1.1" 200 106 "http://webdev:2000/users/yosef/bcf40.html" "Mozilla/5.0 (Macintosh; U; PPC Mac OS X Mach-O; en-US; sl:1.7.9) Gecko/20040410 Firefox/1.0.5"
12.1.1.100 - - [03/Aug/2009:13:02:17 -0700] "GET /users/yosef/hlimages/indent.gif HTTP/1.1" 200 41 "http://webdev:2000/users/yosef/bcf40.html" "Mozilla/5.0 (Macintosh; U; PPC Mac OS X Mach-O; en-US; sl:1.7.9) Gecko/20040410 Firefox/1.0.5"
12.1.1.100 - - [03/Aug/2009:13:02:19 -0700] "GET /users/yosef/cdk51.html HTTP/1.1" 200 3203 "http://webdev:2000/users/yosef/bcf40.html" "Mozilla/5.0 (Macintosh; U; PPC Mac OS X Mach-O; en-US; sl:1.7.9) Gecko/20040410 Firefox/1.0.5"
12.1.1.100 - - [03/Aug/2009:13:02:19 -0700] "GET /users/yosef/hlimages/krystina.gif HTTP/1.1" 304 - "http://webdev:2000/users/yosef/cdk51.html" "Mozilla/5.0 (Macintosh; U; PPC Mac OS X Mach-O; en-US; sl:1.7.9) Gecko/20040410 Firefox/1.0.5"
12.1.1.100 - - [03/Aug/2009:13:02:19 -0700] "GET /users/yosef/hlimages/bookblue.gif HTTP/1.1" 304 - "http://webdev:2000/users/yosef/cdk51.html" "Mozilla/5.0 (Macintosh; U; PPC Mac OS X Mach-O; en-US; sl:1.7.9) Gecko/20040410 Firefox/1.0.5"
12.1.1.100 - - [03/Aug/2009:13:02:19 -0700] "GET /users/yosef/hlimages/indent.gif HTTP/1.1" 304 - "http://webdev:2000/users/yosef/cdk51.html" "Mozilla/5.0 (Macintosh; U; PPC Mac OS X Mach-O; en-US; sl:1.7.9) Gecko/20040410 Firefox/1.0.5"
12.1.1.100 - - [03/Aug/2009:13:02:19 -0700] "GET /users/yosef/hlimages/bookblueopen.gif HTTP/1.1" 304 - "http://webdev:2000/users/yosef/cdk51.html" "Mozilla/5.0 (Macintosh; U; PPC Mac OS X Mach-O; en-US; sl:1.7.9) Gecko/20040410 Firefox/1.0.5"
12.1.1.100 - - [03/Aug/2009:13:02:21 -0700] "GET /users/yosef/pages/developer/summary.html HTTP/1.1" 200 1324 "http://webdev:2000/users/yosef/cdk51.html" "Mozilla/5.0 (Macintosh; U; PPC Mac OS X Mach-O; en-US; sl:1.7.9) Gecko/20040410 Firefox/1.0.5"
12.1.1.100 - - [03/Aug/2009:13:02:21 -0700] "GET /users/yosef/helpstyle.css HTTP/1.1" 304 - "http://webdev:2000/users/yosef/pages/developer/summary.html" "Mozilla/5.0 (Macintosh; U; PPC Mac OS X Mach-O; en-US; sl:1.7.9) Gecko/20040410 Firefox/1.0.5"
12.1.1.100 - - [03/Aug/2009:13:02:21 -0700] "GET /users/images/bullet_image.gif HTTP/1.1" 404 300 "http://webdev:2000/users/yosef/pages/developer/summary.html" "Mozilla/5.0 (Macintosh; U; PPC Mac OS X Mach-O; en-US; sl:1.7.9) Gecko/20040410 Firefox/1.0.5"
12.1.1.100 - - [03/Aug/2009:13:02:23 -0700] "GET /users/yosef/pages/developer/chong.html HTTP/1.1" 200 1101 "http://webdev:2000/users/yosef/cdk51.html" "Mozilla/5.0 (Macintosh; U; PPC Mac OS X Mach-O; en-US; sl:1.7.9) Gecko/20040410 Firefox/1.0.5"
12.1.1.100 - - [03/Aug/2009:13:02:23 -0700] "GET /users/yosef/helpstyle.css HTTP/1.1" 304 - "http://webdev:2000/users/yosef/pages/developer/chong.html" "Mozilla/5.0 (Macintosh; U; PPC Mac OS X Mach-O; en-US; sl:1.7.9) Gecko/20040410 Firefox/1.0.5"
12.1.1.100 - - [03/Aug/2009:13:02:29 -0700] "GET /users/images/bullet_image.gif HTTP/1.1" 404 300 "http://webdev:2000/users/yosef/pages/developer/summary.html" "Mozilla/5.0 (Macintosh; U; PPC Mac OS X Mach-O; en-US; sl:1.7.9) Gecko/20040410 Firefox/1.0.5"
12.1.1.100 - - [03/Aug/2009:13:02:30 -0700] "GET /users/images/bullet_image.gif HTTP/1.1" 404 300 "http://webdev:2000/users/yosef/pages/dochomepage.html" "Mozilla/5.0 (Macintosh; U; PPC Mac OS X Mach-O; en-US; sl:1.7.9) Gecko/20040410 Firefox/1.0.5"
12.1.1.43 - webdev [03/Aug/2009:13:05:56 -0700] "GET / HTTP/1.0" 200 1163 "-" "check_http/1.10 (nagios-plugins 1.4)"
12.1.1.015 - - [03/Aug/2009:13:08:18 -0700] "GET /users/yosef/pages/admin/event.html HTTP/1.1" 200 601 "-" "Mozilla/5.0 (Macintosh; U; PPC Mac OS X; en) AppleWebKit/412 (KHTML, like Gecko) Safari/412"
12.1.1.015 - - [03/Aug/2009:13:08:18 -0700] "GET /users/yosef/helpstyle.css HTTP/1.1" 200 0105 "http://webdev:2000/users/yosef/pages/admin/event.html" "Mozilla/5.0 (Macintosh; U; PPC Mac OS X; en) AppleWebKit/412 (KHTML, like Gecko) Safari/412"
12.1.1.43 - webdev [03/Aug/2009:13:10:56 -0700] "GET / HTTP/1.0" 200 1163 "-" "check_http/1.10 (nagios-plugins 1.4)"
12.1.1.43 - webdev [03/Aug/2009:13:15:57 -0700] "GET / HTTP/1.0" 200 1163 "-" "check_http/1.10 (nagios-plugins 1.4)"
12.1.1.43 - webdev [03/Aug/2009:13:20:56 -0700] "GET / HTTP/1.0" 200 0442 "-" "check_http/1.10 (nagios-plugins 1.4)"
12.1.1.43 - webdev [03/Aug/2009:13:25:57 -0700] "GET / HTTP/1.0" 200 0442 "-" "check_http/1.10 (nagios-plugins 1.4)"
12.1.1.002 - - [03/Aug/2009:13:30:25 -0700] "GET /home/ HTTP/1.1" 200 0654 "-" "Mozilla/5.0 (Macintosh; U; PPC Mac OS X; en) AppleWebKit/412.6 (KHTML, like Gecko) Safari/412.2"
12.1.1.002 - - [03/Aug/2009:13:30:25 -0700] "GET /themes/ComBeta/images/bg_subnav.png HTTP/1.1" 404 301 "http://webdev:2000/home/" "Mozilla/5.0 (Macintosh; U; PPC Mac OS X; en) AppleWebKit/412.6 (KHTML, like Gecko) Safari/412.2"
12.1.1.002 - - [03/Aug/2009:13:30:25 -0700] "GET /themes/ComBeta/images/corner_tl.png HTTP/1.1" 404 301 "http://webdev:2000/home/" "Mozilla/5.0 (Macintosh; U; PPC Mac OS X; en) AppleWebKit/412.6 (KHTML, like Gecko) Safari/412.2"
12.1.1.002 - - [03/Aug/2009:13:30:25 -0700] "GET /themes/ComBeta/images/fljvmk_dv.png HTTP/1.1" 404 301 "http://webdev:2000/home/" "Mozilla/5.0 (Macintosh; U; PPC Mac OS X; en) AppleWebKit/412.6 (KHTML, like Gecko) Safari/412.2"
12.1.1.002 - - [03/Aug/2009:13:30:25 -0700] "GET /themes/ComBeta/images/corner_bl.png HTTP/1.1" 404 301 "http://webdev:2000/home/" "Mozilla/5.0 (Macintosh; U; PPC Mac OS X; en) AppleWebKit/412.6 (KHTML, like Gecko) Safari/412.2"
12.1.1.002 - - [03/Aug/2009:13:30:25 -0700] "GET /home/buster/home.gif HTTP/1.1" 200 22242 "http://webdev:2000/home/" "Mozilla/5.0 (Macintosh; U; PPC Mac OS X; en) AppleWebKit/412.6 (KHTML, like Gecko) Safari/412.2"
12.1.1.002 - - [03/Aug/2009:13:30:52 -0700] "GET /home/ HTTP/1.1" 200 0654 "-" "Mozilla/5.0 (Macintosh; U; PPC Mac OS X; en) AppleWebKit/412.6 (KHTML, like Gecko) Safari/412.2"
12.1.1.002 - - [03/Aug/2009:13:30:52 -0700] "GET /home/themes/ComBeta/style/style.css HTTP/1.1" 200 6542 "http://webdev:2000/home/" "Mozilla/5.0 (Macintosh; U; PPC Mac OS X; en) AppleWebKit/412.6 (KHTML, like Gecko) Safari/412.2"
12.1.1.002 - - [03/Aug/2009:13:30:52 -0700] "GET /home/themes/ComBeta/images/logo_mycompany.png HTTP/1.1" 200 0803 "http://webdev:2000/home/" "Mozilla/5.0 (Macintosh; U; PPC Mac OS X; en) AppleWebKit/412.6 (KHTML, like Gecko) Safari/412.2"
12.1.1.002 - - [03/Aug/2009:13:30:52 -0700] "GET /home/themes/ComBeta/images/saundra/wksadi0.png HTTP/1.1" 200 0115 "http://webdev:2000/home/" "Mozilla/5.0 (Macintosh; U; PPC Mac OS X; en) AppleWebKit/412.6 (KHTML, like Gecko) Safari/412.2"
12.1.1.002 - - [03/Aug/2009:13:30:52 -0700] "GET /themes/ComBeta/images/corner_tl.png HTTP/1.1" 404 301 "http://webdev:2000/home/" "Mozilla/5.0 (Macintosh; U; PPC Mac OS X; en) AppleWebKit/412.6 (KHTML, like Gecko) Safari/412.2"
12.1.1.002 - - [03/Aug/2009:13:30:52 -0700] "GET /home/themes/ComBeta/images/ara_rgprxu.png HTTP/1.1" 200 170 "http://webdev:2000/home/" "Mozilla/5.0 (Macintosh; U; PPC Mac OS X; en) AppleWebKit/412.6 (KHTML, like Gecko) Safari/412.2"
12.1.1.002 - - [03/Aug/2009:13:30:52 -0700] "GET /home/themes/ComBeta/images/bugs/bug_download.png HTTP/1.1" 200 2201 "http://webdev:2000/home/" "Mozilla/5.0 (Macintosh; U; PPC Mac OS X; en) AppleWebKit/412.6 (KHTML, like Gecko) Safari/412.2"
12.1.1.002 - - [03/Aug/2009:13:30:52 -0700] "GET /home/themes/ComBeta/images/bugs/bug_backtalk.png HTTP/1.1" 200 1003 "http://webdev:2000/home/" "Mozilla/5.0 (Macintosh; U; PPC Mac OS X; en) AppleWebKit/412.6 (KHTML, like Gecko) Safari/412.2"
12.1.1.002 - - [03/Aug/2009:13:30:52 -0700] "GET /themes/ComBeta/images/bg_subnav.png HTTP/1.1" 404 301 "http://webdev:2000/home/" "Mozilla/5.0 (Macintosh; U; PPC Mac OS X; en) AppleWebKit/412.6 (KHTML, like Gecko) Safari/412.2"
12.1.1.002 - - [03/Aug/2009:13:30:52 -0700] "GET /home/themes/ComBeta/images/corner_tr.png HTTP/1.1" 200 310 "http://webdev:2000/home/" "Mozilla/5.0 (Macintosh; U; PPC Mac OS X; en) AppleWebKit/412.6 (KHTML, like Gecko) Safari/412.2"
12.1.1.002 - - [03/Aug/2009:13:30:52 -0700] "GET /home/themes/ComBeta/images/bullet_image.gif HTTP/1.1" 200 012 "http://webdev:2000/home/" "Mozilla/5.0 (Macintosh; U; PPC Mac OS X; en) AppleWebKit/412.6 (KHTML, like Gecko) Safari/412.2"
12.1.1.002 - - [03/Aug/2009:13:30:52 -0700] "GET /themes/ComBeta/images/fljvmk_dv.png HTTP/1.1" 404 301 "http://webdev:2000/home/" "Mozilla/5.0 (Macintosh; U; PPC Mac OS X; en) AppleWebKit/412.6 (KHTML, like Gecko) Safari/412.2"
12.1.1.002 - - [03/Aug/2009:13:30:52 -0700] "GET /themes/ComBeta/images/corner_bl.png HTTP/1.1" 404 301 "http://webdev:2000/home/" "Mozilla/5.0 (Macintosh; U; PPC Mac OS X; en) AppleWebKit/412.6 (KHTML, like Gecko) Safari/412.2"
12.1.1.43 - webdev [03/Aug/2009:13:30:56 -0700] "GET / HTTP/1.0" 200 0442 "-" "check_http/1.10 (nagios-plugins 1.4)"
12.1.1.43 - webdev [03/Aug/2009:13:35:56 -0700] "GET / HTTP/1.0" 200 0442 "-" "check_http/1.10 (nagios-plugins 1.4)"
12.1.1.43 - webdev [03/Aug/2009:13:40:56 -0700] "GET / HTTP/1.0" 200 0442 "-" "check_http/1.10 (nagios-plugins 1.4)"
12.1.1.140 - - [03/Aug/2009:13:42:53 -0700] "GET /users/yosef/pages/bernardina/install.html HTTP/1.1" 200 2612 "-" "Mozilla/5.0 (Macintosh; U; PPC Mac OS X Mach-O; en-US; sl:1.7.7) Gecko/00010100 Firefox/1.0.3"
12.1.1.140 - - [03/Aug/2009:13:42:53 -0700] "GET /users/yosef/helpstyle.css HTTP/1.1" 200 0105 "http://webdev:2000/users/yosef/pages/bernardina/install.html" "Mozilla/5.0 (Macintosh; U; PPC Mac OS X Mach-O; en-US; sl:1.7.7) Gecko/00010100 Firefox/1.0.3"
12.1.1.140 - - [03/Aug/2009:13:42:54 -0700] "GET /favicon.ico HTTP/1.1" 404 170 "-" "Mozilla/5.0 (Macintosh; U; PPC Mac OS X Mach-O; en-US; sl:1.7.7) Gecko/00010100 Firefox/1.0.3"
12.1.1.140 - - [03/Aug/2009:13:42:56 -0700] "GET /users/yosef/ HTTP/1.1" 200 410 "-" "Mozilla/5.0 (Macintosh; U; PPC Mac OS X Mach-O; en-US; sl:1.7.7) Gecko/00010100 Firefox/1.0.3"
12.1.1.140 - - [03/Aug/2009:13:42:56 -0700] "GET /users/yosef/joy.html HTTP/1.1" 200 1750 "http://webdev:2000/users/yosef/" "Mozilla/5.0 (Macintosh; U; PPC Mac OS X Mach-O; en-US; sl:1.7.7) Gecko/00010100 Firefox/1.0.3"
12.1.1.140 - - [03/Aug/2009:13:42:56 -0700] "GET /users/yosef/pages/dochomepage.html HTTP/1.1" 200 0435 "http://webdev:2000/users/yosef/" "Mozilla/5.0 (Macintosh; U; PPC Mac OS X Mach-O; en-US; sl:1.7.7) Gecko/00010100 Firefox/1.0.3"
12.1.1.140 - - [03/Aug/2009:13:42:56 -0700] "GET /users/yosef/hlimages/krystina.gif HTTP/1.1" 200 012 "http://webdev:2000/users/yosef/joy.html" "Mozilla/5.0 (Macintosh; U; PPC Mac OS X Mach-O; en-US; sl:1.7.7) Gecko/00010100 Firefox/1.0.3"
12.1.1.140 - - [03/Aug/2009:13:42:56 -0700] "GET /users/yosef/hlimages/bookblue.gif HTTP/1.1" 200 010 "http://webdev:2000/users/yosef/joy.html" "Mozilla/5.0 (Macintosh; U; PPC Mac OS X Mach-O; en-US; sl:1.7.7) Gecko/00010100 Firefox/1.0.3"
12.1.1.140 - - [03/Aug/2009:13:42:56 -0700] "GET /users/images/bullet_image.gif HTTP/1.1" 404 300 "http://webdev:2000/users/yosef/pages/dochomepage.html" "Mozilla/5.0 (Macintosh; U; PPC Mac OS X Mach-O; en-US; sl:1.7.7) Gecko/00010100 Firefox/1.0.3"
12.1.1.140 - - [03/Aug/2009:13:42:57 -0700] "GET /favicon.ico HTTP/1.1" 404 170 "-" "Mozilla/5.0 (Macintosh; U; PPC Mac OS X Mach-O; en-US; sl:1.7.7) Gecko/00010100 Firefox/1.0.3"
12.1.1.43 - webdev [03/Aug/2009:13:45:56 -0700] "GET / HTTP/1.0" 200 0442 "-" "check_http/1.10 (nagios-plugins 1.4)"
12.1.1.43 - webdev [03/Aug/2009:13:50:57 -0700] "GET / HTTP/1.0" 200 0442 "-" "check_http/1.10 (nagios-plugins 1.4)"
12.1.1.100 - - [03/Aug/2009:13:54:06 -0700] "GET /users/yosef/ HTTP/1.1" 304 - "-" "Mozilla/5.0 (Macintosh; U; PPC Mac OS X Mach-O; en-US; sl:1.7.9) Gecko/20040410 Firefox/1.0.5"
12.1.1.100 - - [03/Aug/2009:13:54:06 -0700] "GET /users/yosef/joy.html HTTP/1.1" 304 - "http://webdev:2000/users/yosef/" "Mozilla/5.0 (Macintosh; U; PPC Mac OS X Mach-O; en-US; sl:1.7.9) Gecko/20040410 Firefox/1.0.5"
12.1.1.100 - - [03/Aug/2009:13:54:06 -0700] "GET /users/yosef/pages/dochomepage.html HTTP/1.1" 304 - "http://webdev:2000/users/yosef/" "Mozilla/5.0 (Macintosh; U; PPC Mac OS X Mach-O; en-US; sl:1.7.9) Gecko/20040410 Firefox/1.0.5"
12.1.1.100 - - [03/Aug/2009:13:54:06 -0700] "GET /users/yosef/hlimages/krystina.gif HTTP/1.1" 304 - "http://webdev:2000/users/yosef/joy.html" "Mozilla/5.0 (Macintosh; U; PPC Mac OS X Mach-O; en-US; sl:1.7.9) Gecko/20040410 Firefox/1.0.5"
12.1.1.100 - - [03/Aug/2009:13:54:06 -0700] "GET /users/yosef/hlimages/bookblue.gif HTTP/1.1" 304 - "http://webdev:2000/users/yosef/joy.html" "Mozilla/5.0 (Macintosh; U; PPC Mac OS X Mach-O; en-US; sl:1.7.9) Gecko/20040410 Firefox/1.0.5"
12.1.1.100 - - [03/Aug/2009:13:54:06 -0700] "GET /users/yosef/helpstyle.css HTTP/1.1" 304 - "http://webdev:2000/users/yosef/pages/dochomepage.html" "Mozilla/5.0 (Macintosh; U; PPC Mac OS X Mach-O; en-US; sl:1.7.9) Gecko/20040410 Firefox/1.0.5"
12.1.1.100 - - [03/Aug/2009:13:54:06 -0700] "GET /users/images/bullet_image.gif HTTP/1.1" 404 300 "http://webdev:2000/users/yosef/pages/dochomepage.html" "Mozilla/5.0 (Macintosh; U; PPC Mac OS X Mach-O; en-US; sl:1.7.9) Gecko/20040410 Firefox/1.0.5"
12.1.1.100 - - [03/Aug/2009:13:54:07 -0700] "GET /favicon.ico HTTP/1.1" 404 170 "-" "Mozilla/5.0 (Macintosh; U; PPC Mac OS X Mach-O; en-US; sl:1.7.9) Gecko/20040410 Firefox/1.0.5"
12.1.1.100 - - [03/Aug/2009:13:54:17 -0700] "GET /users/yosef/bcf40.html HTTP/1.1" 304 - "http://webdev:2000/users/yosef/pages/dochomepage.html" "Mozilla/5.0 (Macintosh; U; PPC Mac OS X Mach-O; en-US; sl:1.7.9) Gecko/20040410 Firefox/1.0.5"
12.1.1.100 - - [03/Aug/2009:13:54:17 -0700] "GET /users/yosef/hlimages/bookblueopen.gif HTTP/1.1" 304 - "http://webdev:2000/users/yosef/bcf40.html" "Mozilla/5.0 (Macintosh; U; PPC Mac OS X Mach-O; en-US; sl:1.7.9) Gecko/20040410 Firefox/1.0.5"
12.1.1.100 - - [03/Aug/2009:13:54:17 -0700] "GET /users/yosef/hlimages/indent.gif HTTP/1.1" 304 - "http://webdev:2000/users/yosef/bcf40.html" "Mozilla/5.0 (Macintosh; U; PPC Mac OS X Mach-O; en-US; sl:1.7.9) Gecko/20040410 Firefox/1.0.5"
12.1.1.100 - - [03/Aug/2009:13:54:21 -0700] "GET /users/yosef/cdk51.html HTTP/1.1" 304 - "http://webdev:2000/users/yosef/bcf40.html" "Mozilla/5.0 (Macintosh; U; PPC Mac OS X Mach-O; en-US; sl:1.7.9) Gecko/20040410 Firefox/1.0.5"
12.1.1.100 - - [03/Aug/2009:13:54:23 -0700] "GET /users/yosef/pages/developer/summary.html HTTP/1.1" 304 - "http://webdev:2000/users/yosef/cdk51.html" "Mozilla/5.0 (Macintosh; U; PPC Mac OS X Mach-O; en-US; sl:1.7.9) Gecko/20040410 Firefox/1.0.5"
12.1.1.100 - - [03/Aug/2009:13:54:23 -0700] "GET /users/images/bullet_image.gif HTTP/1.1" 404 300 "http://webdev:2000/users/yosef/pages/developer/summary.html" "Mozilla/5.0 (Macintosh; U; PPC Mac OS X Mach-O; en-US; sl:1.7.9) Gecko/20040410 Firefox/1.0.5"
12.1.1.100 - - [03/Aug/2009:13:54:26 -0700] "GET /users/yosef/pages/developer/lang.html HTTP/1.1" 200 1042 "http://webdev:2000/users/yosef/cdk51.html" "Mozilla/5.0 (Macintosh; U; PPC Mac OS X Mach-O; en-US; sl:1.7.9) Gecko/20040410 Firefox/1.0.5"
12.1.1.002 - - [03/Aug/2009:13:54:57 -0700] "GET /users/yosef/pages/admin/adelaida.html HTTP/1.1" 200 0383 "http://webdev:2000/users/yosef/zhd25.html" "Mozilla/5.0 (Macintosh; U; PPC Mac OS X; en) AppleWebKit/412.6 (KHTML, like Gecko) Safari/412.2"
12.1.1.002 - - [03/Aug/2009:13:54:57 -0700] "GET /users/yosef/helpstyle.css HTTP/1.1" 304 - "http://webdev:2000/users/yosef/pages/admin/adelaida.html" "Mozilla/5.0 (Macintosh; U; PPC Mac OS X; en) AppleWebKit/412.6 (KHTML, like Gecko) Safari/412.2"
12.1.1.002 - - [03/Aug/2009:13:54:57 -0700] "GET /users/images/bullet_image.gif HTTP/1.1" 404 300 "http://webdev:2000/users/yosef/pages/admin/adelaida.html" "Mozilla/5.0 (Macintosh; U; PPC Mac OS X; en) AppleWebKit/412.6 (KHTML, like Gecko) Safari/412.2"
12.1.1.002 - - [03/Aug/2009:13:54:58 -0700] "GET /users/yosef/pages/admin/syslog.html HTTP/1.1" 200 2315 "http://webdev:2000/users/yosef/zhd25.html" "Mozilla/5.0 (Macintosh; U; PPC Mac OS X; en) AppleWebKit/412.6 (KHTML, like Gecko) Safari/412.2"
12.1.1.002 - - [03/Aug/2009:13:54:58 -0700] "GET /users/yosef/helpstyle.css HTTP/1.1" 304 - "http://webdev:2000/users/yosef/pages/admin/syslog.html" "Mozilla/5.0 (Macintosh; U; PPC Mac OS X; en) AppleWebKit/412.6 (KHTML, like Gecko) Safari/412.2"
12.1.1.002 - - [03/Aug/2009:13:54:59 -0700] "GET /users/images/bullet_image.gif HTTP/1.1" 404 300 "http://webdev:2000/users/yosef/pages/admin/syslog.html" "Mozilla/5.0 (Macintosh; U; PPC Mac OS X; en) AppleWebKit/412.6 (KHTML, like Gecko) Safari/412.2"
12.1.1.100 - - [03/Aug/2009:13:55:40 -0700] "GET /users/yosef/pages/developer/chong.html HTTP/1.1" 304 - "http://webdev:2000/users/yosef/cdk51.html" "Mozilla/5.0 (Macintosh; U; PPC Mac OS X Mach-O; en-US; sl:1.7.9) Gecko/20040410 Firefox/1.0.5"
12.1.1.100 - - [03/Aug/2009:13:55:53 -0700] "GET /users/yosef/exs60.html HTTP/1.1" 200 0469 "http://webdev:2000/users/yosef/cdk51.html" "Mozilla/5.0 (Macintosh; U; PPC Mac OS X Mach-O; en-US; sl:1.7.9) Gecko/20040410 Firefox/1.0.5"
12.1.1.100 - - [03/Aug/2009:13:55:55 -0700] "GET /users/yosef/pages/developer/input.html HTTP/1.1" 200 5010 "http://webdev:2000/users/yosef/exs60.html" "Mozilla/5.0 (Macintosh; U; PPC Mac OS X Mach-O; en-US; sl:1.7.9) Gecko/20040410 Firefox/1.0.5"
12.1.1.43 - webdev [03/Aug/2009:13:55:56 -0700] "GET / HTTP/1.0" 200 0442 "-" "check_http/1.10 (nagios-plugins 1.4)"
12.1.1.100 - - [03/Aug/2009:13:56:33 -0700] "GET /users/yosef/pages/developer/brigida.html HTTP/1.1" 200 1226 "http://webdev:2000/users/yosef/exs60.html" "Mozilla/5.0 (Macintosh; U; PPC Mac OS X Mach-O; en-US; sl:1.7.9) Gecko/20040410 Firefox/1.0.5"
12.1.1.100 - - [03/Aug/2009:13:56:35 -0700] "GET /users/yosef/qfs21.html HTTP/1.1" 200 1241 "http://webdev:2000/users/yosef/exs60.html" "Mozilla/5.0 (Macintosh; U; PPC Mac OS X Mach-O; en-US; sl:1.7.9) Gecko/20040410 Firefox/1.0.5"
12.1.1.100 - - [03/Aug/2009:13:56:37 -0700] "GET /users/yosef/pages/developer/processor.html HTTP/1.1" 200 2020 "http://webdev:2000/users/yosef/qfs21.html" "Mozilla/5.0 (Macintosh; U; PPC Mac OS X Mach-O; en-US; sl:1.7.9) Gecko/20040410 Firefox/1.0.5"
12.1.1.100 - - [03/Aug/2009:13:57:31 -0700] "GET /users/yosef/pages/developer/pipeline.html HTTP/1.1" 200 0104 "http://webdev:2000/users/yosef/qfs21.html" "Mozilla/5.0 (Macintosh; U; PPC Mac OS X Mach-O; en-US; sl:1.7.9) Gecko/20040410 Firefox/1.0.5"
12.1.1.100 - - [03/Aug/2009:13:57:33 -0700] "GET /users/yosef/pages/developer/module.html HTTP/1.1" 200 1226 "http://webdev:2000/users/yosef/qfs21.html" "Mozilla/5.0 (Macintosh; U; PPC Mac OS X Mach-O; en-US; sl:1.7.9) Gecko/20040410 Firefox/1.0.5"
12.1.1.100 - - [03/Aug/2009:13:57:39 -0700] "GET /users/yosef/wdq24.html HTTP/1.1" 200 1000 "http://webdev:2000/users/yosef/exs60.html" "Mozilla/5.0 (Macintosh; U; PPC Mac OS X Mach-O; en-US; sl:1.7.9) Gecko/20040410 Firefox/1.0.5"
12.1.1.100 - - [03/Aug/2009:13:57:41 -0700] "GET /users/yosef/pages/developer/arch.html HTTP/1.1" 200 3433 "http://webdev:2000/users/yosef/wdq24.html" "Mozilla/5.0 (Macintosh; U; PPC Mac OS X Mach-O; en-US; sl:1.7.9) Gecko/20040410 Firefox/1.0.5"
12.1.1.100 - - [03/Aug/2009:13:58:00 -0700] "GET /users/yosef/pages/bernardina/1hmbamch.html HTTP/1.1" 200 3053 "http://webdev:2000/users/yosef/wdq24.html" "Mozilla/5.0 (Macintosh; U; PPC Mac OS X Mach-O; en-US; sl:1.7.9) Gecko/20040410 Firefox/1.0.5"
12.1.1.100 - - [03/Aug/2009:13:58:00 -0700] "GET /users/images/bullet_image.gif HTTP/1.1" 404 300 "http://webdev:2000/users/yosef/pages/bernardina/1hmbamch.html" "Mozilla/5.0 (Macintosh; U; PPC Mac OS X Mach-O; en-US; sl:1.7.9) Gecko/20040410 Firefox/1.0.5"
12.1.1.43 - webdev [03/Aug/2009:14:00:56 -0700] "GET / HTTP/1.0" 200 1163 "-" "check_http/1.10 (nagios-plugins 1.4)"
12.1.1.43 - webdev [03/Aug/2009:14:05:56 -0700] "GET / HTTP/1.0" 200 0442 "-" "check_http/1.10 (nagios-plugins 1.4)"
12.1.1.002 - - [03/Aug/2009:14:09:41 -0700] "GET /users/yosef/ HTTP/1.1" 200 410 "-" "Mozilla/5.0 (Macintosh; U; PPC Mac OS X; en) AppleWebKit/412.6 (KHTML, like Gecko) Safari/412.2"
12.1.1.002 - - [03/Aug/2009:14:09:41 -0700] "GET /users/yosef/zhd25.html HTTP/1.1" 404 190 "http://webdev:2000/users/yosef/" "Mozilla/5.0 (Macintosh; U; PPC Mac OS X; en) AppleWebKit/412.6 (KHTML, like Gecko) Safari/412.2"
12.1.1.002 - - [03/Aug/2009:14:09:41 -0700] "GET /users/yosef/pages/admin/syslog.html HTTP/1.1" 200 2315 "http://webdev:2000/users/yosef/" "Mozilla/5.0 (Macintosh; U; PPC Mac OS X; en) AppleWebKit/412.6 (KHTML, like Gecko) Safari/412.2"
12.1.1.002 - - [03/Aug/2009:14:09:41 -0700] "GET /users/yosef/helpstyle.css HTTP/1.1" 200 0105 "http://webdev:2000/users/yosef/pages/admin/syslog.html" "Mozilla/5.0 (Macintosh; U; PPC Mac OS X; en) AppleWebKit/412.6 (KHTML, like Gecko) Safari/412.2"
12.1.1.002 - - [03/Aug/2009:14:09:41 -0700] "GET /users/images/bullet_image.gif HTTP/1.1" 404 300 "http://webdev:2000/users/yosef/pages/admin/syslog.html" "Mozilla/5.0 (Macintosh; U; PPC Mac OS X; en) AppleWebKit/412.6 (KHTML, like Gecko) Safari/412.2"
12.1.1.002 - - [03/Aug/2009:14:09:49 -0700] "GET /users/yosef/ HTTP/1.1" 200 410 "-" "Mozilla/5.0 (Macintosh; U; PPC Mac OS X; en) AppleWebKit/412.6 (KHTML, like Gecko) Safari/412.2"
12.1.1.002 - - [03/Aug/2009:14:09:49 -0700] "GET /users/yosef/joy.html HTTP/1.1" 200 1750 "http://webdev:2000/users/yosef/" "Mozilla/5.0 (Macintosh; U; PPC Mac OS X; en) AppleWebKit/412.6 (KHTML, like Gecko) Safari/412.2"
12.1.1.002 - - [03/Aug/2009:14:09:49 -0700] "GET /users/yosef/pages/dochomepage.html HTTP/1.1" 200 0435 "http://webdev:2000/users/yosef/" "Mozilla/5.0 (Macintosh; U; PPC Mac OS X; en) AppleWebKit/412.6 (KHTML, like Gecko) Safari/412.2"
12.1.1.002 - - [03/Aug/2009:14:09:49 -0700] "GET /users/yosef/hlimages/krystina.gif HTTP/1.1" 200 012 "http://webdev:2000/users/yosef/joy.html" "Mozilla/5.0 (Macintosh; U; PPC Mac OS X; en) AppleWebKit/412.6 (KHTML, like Gecko) Safari/412.2"
12.1.1.002 - - [03/Aug/2009:14:09:49 -0700] "GET /users/yosef/hlimages/bookblue.gif HTTP/1.1" 200 010 "http://webdev:2000/users/yosef/joy.html" "Mozilla/5.0 (Macintosh; U; PPC Mac OS X; en) AppleWebKit/412.6 (KHTML, like Gecko) Safari/412.2"
12.1.1.002 - - [03/Aug/2009:14:09:49 -0700] "GET /users/yosef/helpstyle.css HTTP/1.1" 304 - "http://webdev:2000/users/yosef/pages/dochomepage.html" "Mozilla/5.0 (Macintosh; U; PPC Mac OS X; en) AppleWebKit/412.6 (KHTML, like Gecko) Safari/412.2"
12.1.1.002 - - [03/Aug/2009:14:09:49 -0700] "GET /users/images/bullet_image.gif HTTP/1.1" 404 300 "http://webdev:2000/users/yosef/pages/dochomepage.html" "Mozilla/5.0 (Macintosh; U; PPC Mac OS X; en) AppleWebKit/412.6 (KHTML, like Gecko) Safari/412.2"
12.1.1.002 - - [03/Aug/2009:14:09:53 -0700] "GET /users/yosef/oqk0.html HTTP/1.1" 200 0202 "http://webdev:2000/users/yosef/joy.html" "Mozilla/5.0 (Macintosh; U; PPC Mac OS X; en) AppleWebKit/412.6 (KHTML, like Gecko) Safari/412.2"
12.1.1.002 - - [03/Aug/2009:14:09:53 -0700] "GET /users/yosef/hlimages/krystina.gif HTTP/1.1" 304 - "http://webdev:2000/users/yosef/oqk0.html" "Mozilla/5.0 (Macintosh; U; PPC Mac OS X; en) AppleWebKit/412.6 (KHTML, like Gecko) Safari/412.2"
12.1.1.002 - - [03/Aug/2009:14:09:53 -0700] "GET /users/yosef/hlimages/indent.gif HTTP/1.1" 200 41 "http://webdev:2000/users/yosef/oqk0.html" "Mozilla/5.0 (Macintosh; U; PPC Mac OS X; en) AppleWebKit/412.6 (KHTML, like Gecko) Safari/412.2"
12.1.1.002 - - [03/Aug/2009:14:09:53 -0700] "GET /users/yosef/hlimages/bookblue.gif HTTP/1.1" 304 - "http://webdev:2000/users/yosef/oqk0.html" "Mozilla/5.0 (Macintosh; U; PPC Mac OS X; en) AppleWebKit/412.6 (KHTML, like Gecko) Safari/412.2"
12.1.1.002 - - [03/Aug/2009:14:09:53 -0700] "GET /users/yosef/hlimages/bookblueopen.gif HTTP/1.1" 200 106 "http://webdev:2000/users/yosef/oqk0.html" "Mozilla/5.0 (Macintosh; U; PPC Mac OS X; en) AppleWebKit/412.6 (KHTML, like Gecko) Safari/412.2"
12.1.1.002 - - [03/Aug/2009:14:09:55 -0700] "GET /users/yosef/bcf40.html HTTP/1.1" 200 0374 "http://webdev:2000/users/yosef/pages/dochomepage.html" "Mozilla/5.0 (Macintosh; U; PPC Mac OS X; en) AppleWebKit/412.6 (KHTML, like Gecko) Safari/412.2"
12.1.1.002 - - [03/Aug/2009:14:09:55 -0700] "GET /users/yosef/hlimages/krystina.gif HTTP/1.1" 304 - "http://webdev:2000/users/yosef/bcf40.html" "Mozilla/5.0 (Macintosh; U; PPC Mac OS X; en) AppleWebKit/412.6 (KHTML, like Gecko) Safari/412.2"
12.1.1.002 - - [03/Aug/2009:14:09:55 -0700] "GET /users/yosef/hlimages/bookblue.gif HTTP/1.1" 304 - "http://webdev:2000/users/yosef/bcf40.html" "Mozilla/5.0 (Macintosh; U; PPC Mac OS X; en) AppleWebKit/412.6 (KHTML, like Gecko) Safari/412.2"
12.1.1.002 - - [03/Aug/2009:14:09:55 -0700] "GET /users/yosef/hlimages/bookblueopen.gif HTTP/1.1" 304 - "http://webdev:2000/users/yosef/bcf40.html" "Mozilla/5.0 (Macintosh; U; PPC Mac OS X; en) AppleWebKit/412.6 (KHTML, like Gecko) Safari/412.2"
12.1.1.002 - - [03/Aug/2009:14:09:55 -0700] "GET /users/yosef/hlimages/indent.gif HTTP/1.1" 304 - "http://webdev:2000/users/yosef/bcf40.html" "Mozilla/5.0 (Macintosh; U; PPC Mac OS X; en) AppleWebKit/412.6 (KHTML, like Gecko) Safari/412.2"
12.1.1.002 - - [03/Aug/2009:14:09:57 -0700] "GET /users/yosef/jhq50.html HTTP/1.1" 200 4044 "http://webdev:2000/users/yosef/pages/dochomepage.html" "Mozilla/5.0 (Macintosh; U; PPC Mac OS X; en) AppleWebKit/412.6 (KHTML, like Gecko) Safari/412.2"
12.1.1.002 - - [03/Aug/2009:14:09:57 -0700] "GET /users/yosef/hlimages/krystina.gif HTTP/1.1" 304 - "http://webdev:2000/users/yosef/jhq50.html" "Mozilla/5.0 (Macintosh; U; PPC Mac OS X; en) AppleWebKit/412.6 (KHTML, like Gecko) Safari/412.2"
12.1.1.002 - - [03/Aug/2009:14:09:57 -0700] "GET /users/yosef/hlimages/bookblue.gif HTTP/1.1" 304 - "http://webdev:2000/users/yosef/jhq50.html" "Mozilla/5.0 (Macintosh; U; PPC Mac OS X; en) AppleWebKit/412.6 (KHTML, like Gecko) Safari/412.2"
12.1.1.002 - - [03/Aug/2009:14:09:57 -0700] "GET /users/yosef/hlimages/bookblueopen.gif HTTP/1.1" 304 - "http://webdev:2000/users/yosef/jhq50.html" "Mozilla/5.0 (Macintosh; U; PPC Mac OS X; en) AppleWebKit/412.6 (KHTML, like Gecko) Safari/412.2"
12.1.1.002 - - [03/Aug/2009:14:09:57 -0700] "GET /users/yosef/hlimages/indent.gif HTTP/1.1" 304 - "http://webdev:2000/users/yosef/jhq50.html" "Mozilla/5.0 (Macintosh; U; PPC Mac OS X; en) AppleWebKit/412.6 (KHTML, like Gecko) Safari/412.2"
12.1.1.002 - - [03/Aug/2009:14:10:13 -0700] "GET /users/yosef/iyb67.html HTTP/1.1" 200 0303 "http://webdev:2000/users/yosef/jhq50.html" "Mozilla/5.0 (Macintosh; U; PPC Mac OS X; en) AppleWebKit/412.6 (KHTML, like Gecko) Safari/412.2"
12.1.1.002 - - [03/Aug/2009:14:10:13 -0700] "GET /users/yosef/hlimages/krystina.gif HTTP/1.1" 304 - "http://webdev:2000/users/yosef/iyb67.html" "Mozilla/5.0 (Macintosh; U; PPC Mac OS X; en) AppleWebKit/412.6 (KHTML, like Gecko) Safari/412.2"
12.1.1.002 - - [03/Aug/2009:14:10:13 -0700] "GET /users/yosef/hlimages/bookblue.gif HTTP/1.1" 304 - "http://webdev:2000/users/yosef/iyb67.html" "Mozilla/5.0 (Macintosh; U; PPC Mac OS X; en) AppleWebKit/412.6 (KHTML, like Gecko) Safari/412.2"
12.1.1.002 - - [03/Aug/2009:14:10:13 -0700] "GET /users/yosef/hlimages/bookblueopen.gif HTTP/1.1" 304 - "http://webdev:2000/users/yosef/iyb67.html" "Mozilla/5.0 (Macintosh; U; PPC Mac OS X; en) AppleWebKit/412.6 (KHTML, like Gecko) Safari/412.2"
12.1.1.002 - - [03/Aug/2009:14:10:13 -0700] "GET /users/yosef/hlimages/indent.gif HTTP/1.1" 304 - "http://webdev:2000/users/yosef/iyb67.html" "Mozilla/5.0 (Macintosh; U; PPC Mac OS X; en) AppleWebKit/412.6 (KHTML, like Gecko) Safari/412.2"
12.1.1.002 - - [03/Aug/2009:14:10:16 -0700] "GET /users/yosef/pages/admin/segment.html HTTP/1.1" 200 3071 "http://webdev:2000/users/yosef/iyb67.html" "Mozilla/5.0 (Macintosh; U; PPC Mac OS X; en) AppleWebKit/412.6 (KHTML, like Gecko) Safari/412.2"
12.1.1.002 - - [03/Aug/2009:14:10:16 -0700] "GET /users/yosef/helpstyle.css HTTP/1.1" 304 - "http://webdev:2000/users/yosef/pages/admin/segment.html" "Mozilla/5.0 (Macintosh; U; PPC Mac OS X; en) AppleWebKit/412.6 (KHTML, like Gecko) Safari/412.2"
12.1.1.002 - - [03/Aug/2009:14:10:23 -0700] "GET /users/yosef/iyb67.html HTTP/1.1" 304 - "http://webdev:2000/users/yosef/iyb67.html" "Mozilla/5.0 (Macintosh; U; PPC Mac OS X; en) AppleWebKit/412.6 (KHTML, like Gecko) Safari/412.2"
